e v(20).
-15
Let i(r) = 7*r**2 + 739*r - 304. Give i(-106).
14
Let b(i) = i**3 - i**2 + 3*i - 26. Calculate b(3).
1
Let d(x) = x**2 - 277*x + 13738. What is d(65)?
-42
Let h(x) = -3458*x + 3462. Give h(1).
4
Let b(p) = 4*p**3 + 8*p**2 + 20*p + 19. Determine b(-3).
-77
Let w(u) = -u**2 - 29*u + 1. Give w(-28).
29
Let q(u) = -10*u - 3. Give q(3).
-33
Let i(h) = 4*h - 170. Give i(25).
-70
Let x(q) = 2*q + 145. Determine x(-13).
119
Let l(p) = -2*p**3 - 43*p**2 + 261*p - 42. Determine l(5).
-62
Let t(x) = -6*x**2 - 4260*x + 12798. Determine t(3).
-36
Let n(y) = y**3 + 15*y**2 + 50*y + 9. Give n(-4).
-15
Let a(r) = r**3 + 3*r**2 + 10*r + 43. Calculate a(-5).
-57
Let d(m) = -m**2 + 452*m - 3556. What is d(8)?
-4
Let t(k) = -k**3 + 6*k**2 + 40*k - 231. Calculate t(5).
-6
Let q(x) = -x**3 + 40*x**2 - 74*x - 119. Calculate q(38).
-43
Let w(a) = 8*a + 306. Give w(-8).
242
Let l(w) = -6685*w + 33441. Calculate l(5).
16
Let a(p) = 818*p + 8100. What is a(-10)?
-80
Let c(g) = g**2 - 40*g - 127. What is c(39)?
-166
Let u(q) = -q**3 - 14*q**2 - 64*q - 2. Calculate u(-9).
169
Let v(l) = 2*l**2 - 53*l - 353. What is v(32)?
-1
Let q(u) = -u**2 + 7*u + 200. What is q(20)?
-60
Let b(p) = -p**3 + 9*p**2 + 189*p - 29. Give b(-10).
-19
Let l(k) = -3*k**3 + 9*k**2 - 11*k + 39. Give l(7).
-626
Let m(z) = 29*z**3 - 3*z**2 + 13*z + 28. Calculate m(-2).
-242
Let p(j) = j**3 + 152*j**2 + 3173*j - 57. Determine p(-25).
-7
Let g(a) = 3*a**2 - 108*a - 1166. Calculate g(45).
49
Let t(y) = -995*y + 81591. What is t(82)?
1
Let j(t) = -t**2 - 62*t + 1092. Give j(-84).
-756
Let w(f) = f**3 + 34*f**2 - 60*f + 399. Calculate w(-36).
-33
Let d(f) = 17*f + 566. What is d(-36)?
-46
Let f(b) = -522*b + 2067. Calculate f(4).
-21
Let f(x) = -1316*x + 15802. What is f(12)?
10
Let f(h) = h**2 + 10*h - 441. Give f(-27).
18
Let h(z) = 2*z**2 - 9*z + 40. Give h(9).
121
Let h(u) = -u**2 + 17*u + 25. Determine h(16).
41
Let m(n) = n**3 + n**2 - 2*n + 6. Give m(-3).
-6
Let y(l) = 4*l**3 + 30*l**2 - 2*l + 1. Give y(-8).
-111
Let i(a) = -2*a**2 + 609*a + 1224. Calculate i(-2).
-2
Let l(h) = -11*h**2 + 243*h - 300. Determine l(21).
-48
Let x(n) = 153*n**2 - 1224*n + 3. Calculate x(8).
3
Let m(j) = 2*j**3 + 9*j**2 - 142*j + 102. Determine m(6).
6
Let b(t) = -t**3 + 77*t**2 + 3*t - 328. Give b(77).
-97
Let q(h) = -h**3 - 9*h**2 - 330*h - 2572. Determine q(-8).
4
Let p(l) = l**3 + 17*l**2 + 82*l + 73. Calculate p(-7).
-11
Let x(o) = o**2 - 144*o + 4047. Determine x(38).
19
Let w(g) = -341*g + 23841. Give w(70).
-29
Let d(r) = 38*r - 567. Calculate d(15).
3
Let z(f) = f**3 + 9*f**2 + 36*f + 166. Calculate z(-9).
-158
Let z(j) = j**3 + 8*j**2 + 14*j - 17. Give z(-3).
-14
Let q(c) = -3894*c + 15565. Calculate q(4).
-11
Let f(k) = 2*k**3 - 8*k**2 - 42*k - 11. Give f(-3).
-11
Let r(c) = -c**2 - 53*c + 808. What is r(12)?
28
Let n(a) = 27*a - 313. Calculate n(12).
11
Let s(p) = 20*p**2 + 67*p + 9. Calculate s(-3).
-12
Let c(b) = -b**2 - 180*b + 3800. Calculate c(19).
19
Let p(z) = -z**3 + 6*z**2 + 21*z - 16. Give p(7).
82
Let n(b) = -b**2 - 207*b - 1478. Give n(-8).
114
Let o(c) = -2*c**3 + 42*c**2 - 3*c - 67. Calculate o(21).
-130
Let x(d) = d**2 - 11*d - 23. Calculate x(-3).
19
Let n(y) = -74*y - 7397. Calculate n(-100).
3
Let x(t) = -t**3 - 23*t**2 + 78*t - 23. Give x(-26).
-23
Let t(s) = -s**3 - 6*s**2 + 280*s + 1156. Calculate t(-4).
4
Let k(l) = 4*l**2 + 168*l - 250. What is k(-46)?
486
Let d(c) = c**3 - 35*c**2 - 10*c - 495. What is d(36)?
441
Let i(y) = -71*y**2 + 1361*y - 90. Calculate i(19).
138
Let c(t) = 2*t**2 - 172*t + 654. Give c(82).
-2
Let h(b) = -3042*b - 12143. Calculate h(-4).
25
Let a(j) = j**3 + 4*j**2 + 14*j + 24. Determine a(-2).
4
Let u(h) = -h**3 - 8*h**2 + 10*h + 76. Calculate u(-8).
-4
Let g(q) = q**3 + 58*q**2 + 262*q - 6. Calculate g(-53).
153
Let u(i) = i**3 - 19*i**2 + 24*i + 640. Determine u(14).
-4
Let d(a) = 2*a**3 - 27*a**2 - 16*a + 15. Give d(14).
-13
Let n(h) = 49*h**2 - 3084*h - 201. Determine n(63).
-12
Let o(x) = 3*x**3 + 5*x**2 - 14*x. Give o(2).
16
Let t(f) = 230*f - 24154. Determine t(105).
-4
Let s(z) = 3*z**2 - 17*z - 20. Calculate s(6).
-14
Let b(r) = r**3 + 13*r**2 + 35*r + 4. Determine b(-9).
13
Let g(l) = 39*l - 468. Calculate g(12).
0
Let h(v) = v**3 + 13*v**2 + 25*v + 9. Determine h(-12).
-147
Let s(w) = w**2 - 201*w + 2272. Calculate s(12).
4
Let y(u) = u**2 - 53*u - 677. Determine y(-10).
-47
Let o(i) = i**3 - 37*i**2 - 18*i - 637. What is o(38)?
123
Let d(v) = -v**3 + 4*v**2 + 288*v + 37. Give d(-15).
-8
Let a(f) = 173*f - 11954. Give a(69).
-17
Let j(c) = 2*c**3 - 28*c**2 + 5*c + 277. What is j(13)?
4
Let f(k) = k**2 + 43*k - 58. Calculate f(-26).
-500
Let c(n) = 33*n + 29. Give c(-8).
-235
Let d(n) = -n**2 + 95*n + 583. What is d(-6)?
-23
Let u(b) = -699*b + 7. What is u(0)?
7
Let d(w) = -w**3 + 15*w**2 - w - 51. Give d(15).
-66
Let a(d) = -9*d + 98. Determine a(10).
8
Let j(n) = -10*n**2 + 57*n + 47. Calculate j(8).
-137
Let o(r) = -2*r**3 - 15*r**2 + 11*r + 126. Calculate o(-7).
0
Let z(r) = 4*r**3 - 18*r**2 + 515*r - 2034. Calculate z(4).
-6
Let t(h) = 34*h**2 - h + 139. What is t(0)?
139
Let n(i) = -2*i**2 + 139*i + 301. Give n(66).
763
Let o(p) = 6*p**2 - 574*p - 573. Calculate o(-1).
7
Let b(f) = -344*f - 21323. What is b(-62)?
5
Let j(g) = -4*g**3 + 21*g**2 - 17*g + 52. Calculate j(5).
-8
Let q(p) = 9*p**2 - 265*p - 62. What is q(31)?
372
Let h(j) = 5*j**2 + 38*j - 19. Calculate h(-8).
-3
Let v(u) = -u**3 - 16*u**2 - 107*u - 1985. Calculate v(-16).
-273
Let l(c) = -10*c - 30. Determine l(-29).
260
Let t(f) = -86*f**2 + 55*f + 53. What is t(-1)?
-88
Let d(q) = -8*q - 15. What is d(12)?
-111
Let m(p) = -p**2 + 743*p + 6774. Calculate m(-9).
6
Let r(n) = n**3 + 4*n**2 - 22*n - 38. What is r(-7)?
-31
Let l(c) = 6*c**3 - 4*c**2 + 3*c - 10. Calculate l(-3).
-217
Let s(n) = 5*n**2 + 59*n + 54. Determine s(-11).
10
Let n(m) = -5*m**2 + 1084*m + 6912. Calculate n(223).
-1
Let w(k) = -261*k + 5196. What is w(20)?
-24
Let k(m) = -2*m**2 - 31*m + 355. Give k(-23).
10
Let m(v) = 14*v - 262. What is m(15)?
-52
Let u(f) = -35*f + 8. What is u(-1)?
43
Let x(w) = 29*w + 205. Determine x(-11).
-114
Let z(x) = -106*x - 102. Calculate z(2).
-314
Let g(i) = i**2 - 3209*i + 31982. Determine g(10).
-8
Let s(y) = -8*y**2 + 72*y - 27. Calculate s(11).
-203
Let q(h) = 220*h + 30366. Determine q(-138).
6
Let v(z) = -18*z**2 - 78*z - 20. Determine v(-5).
-80
Let s(c) = 83*c**2 + 11*c - 1. What is s(-2)?
309
Let y(k) = 31*k**2 + 30*k + 29. What is y(-1)?
30
Let g(q) = -q**2 - 201*q - 3039. What is g(-185)?
-79
Let y(o) = o**3 - 101*o**2 + 299*o - 483. Determine y(98).
7
Let i(o) = o**3 - 38*o**2 - 10*o + 219. Determine i(38).
-161
Let m(c) = -3*c**2 + 26*c - 8. Give m(17).
-433
Let g(z) = -25*z + 60. Determine g(14).
-290
Let o(u) = u**3 + 59*u**2 - 64*u - 241. Calculate o(-60).
-1
Let x(m) = m**3 - 10*m**2 - 158. What is x(11)?
-37
Let c(w) = 91*w**2 + 9*w - 21. What is c(2)?
361
Let p(w) = -2*w**3 - 36*w**2 - 6*w - 53. What is p(-18)?
55
Let w(z) = -2*z**2 + 3*z + 108. Give w(-6).
18
Let i(g) = 17*g**2 + 7*g - 8. Determine i(1).
16
Let m(h) = -3*h**3 - 13*h**2 + 7*h - 1. Give m(-6).
137
Let d(x) = x**2 - 529*x + 7275. What is d(14)?
65
Let y(u) = -9*u**3 + 26*u**2 - 2*u + 4. Determine y(2).
32
Let a(k) = -5*k**2 - 962*k + 3521. What is a(-196)?
-7
Let g(a) = a**3 + 10*a**2 - 85*a - 870. Calculate g(-10).
-20
Let n(s) = -s + 272. Determine n(-17).
289
Let x(o) = -o**3 - 17*o**2 + 375*o + 807. Calculate x(-29).
24
Let g(h) = -h**3 + 26*h**2 + 6*h - 144. Calculate g(26).
12
Let q(a) = -a**3 + 22*a**2 + 220*a - 4110. Give q(24).
18
Let q(p) = p**2 + 52*p - 16738. Determine q(-158).
10
Let j(a) = 354*a + 27973. What is j(-79)?
7
Let t(b) = 146*b + 181. Give t(-1).
35
Let i(k) = -k + 63. Calculate i(35).
28
Let f(z) = 785*z - 2339. Determine f(3).
16
Let l(q) = -2*q**2 - 2*q + 4. Determine l(-7).
-80
Let x(h) = 2*h**3 - 61*h**2 - 41*h + 336. Give x(31).
26
Let b(r) = -2*r**3 + 8*r**2 + 29*r - 18. Give b(-4).
122
Let a(h) = -4*h + 384. Calculate a(93).
12
Let l(x) = 225*x - 61655. What is l(274)?
-5
Let t(u) = 6*u - 186. What is t(37)?
36
Let g(f) = 8*f - 27. Determine g(-4).
-59
Let p(t) = -70*t**2 + 19*t + 22. Determine p(-2).
-296
Let q(o) = -79*o + 31. What is q(0)?
31